undreds digit of q?
1
Let c be (3/(-2))/(1/(-2)). Suppose h - c = -2*h. What is the units digit of 0 - -2 - (h + 0)?
1
Let u(q) = q**3 - 5*q**2 - 11*q + 17. What is the units digit of u(7)?
8
Suppose -4*a - k - 3*k = 272, 0 = -4*a + 4*k - 232. What is the tens digit of ((-10)/(-6))/((-3)/a)?
3
Suppose 1188 = -6*y + 15*y. What is the tens digit of y?
3
What is the tens digit of (-6)/27 + (3644/36 - -1)?
0
Suppose 3*k - 6*k = -114. What is the units digit of k?
8
What is the units digit of (-12)/(-3)*(-13)/(-2)?
6
Suppose -5*w + 100 = t, -w = 3*t - t - 182. What is the units digit of t?
0
Suppose 0 = g + g. Suppose v - 6*v + 190 = g. Suppose -4*t + 55 = 3*k, k + v = -0*t + 3*t. What is the units digit of t?
3
Suppose -d - 3*h = -22, 68 = 5*d - d + 2*h. Let f = -8 + d. What is the units digit of f?
8
Let b be 11*(-1 - -2 - 0). Let m be -6 + b + (-1 - -1). Suppose 11 = -m*a + 36. What is the units digit of a?
5
Let z(r) = r**2 - 3*r - 3. Let d be z(5). What is the units digit of (-6)/15 + d/5?
1
Let u(v) be the first derivative of v**3/3 + 5*v**2 + 7*v + 5. Let m be u(-10). Suppose 0 = -n + m - 1. What is the units digit of n?
6
Let m(k) be the second derivative of -k**3/6 + 13*k**2/2 - k. What is the units digit of m(6)?
7
Let d(y) = y**3 - 3*y**2 + y + 2. Let z be d(3). Suppose -2*o = -3*c + 13, 3*c = -4*o - 3 - 14. Let a = z - c. What is the units digit of a?
4
Let y = 7 + -4. What is the units digit of 4*(y/2 + -1)?
2
Suppose 0*q - q + 4 = 0. Suppose -11 = 4*r + 5*k + 10, k = q*r - 9. What is the units digit of r?
1
Let t be (-3)/(-6) - (-10)/4. Suppose -2*s + t*s = 0. Suppose s = -3*n + 4*n - 8. What is the units digit of n?
8
Let y = 105 + -66. What is the units digit of y?
9
Let i = 45 + -15. What is the units digit of 160/i*3*1?
6
Suppose -135 - 223 = 3*j + 5*g, 2*j + 232 = -2*g. What is the tens digit of (j/(-3))/(4/4)?
3
Suppose -s = -6*s - 25. Let u = 3 - s. What is the units digit of u?
8
Let n = 4 - 8. What is the tens digit of 12 + (-5)/(10/n)?
1
Suppose -6*o + 9*o = 93. What is the tens digit of o?
3
Let w = 4 + 3. Let m(t) = t**2 - 5*t - 4. Let z be m(w). Suppose -z = 2*p, -y - p + 4 + 6 = 0. What is the tens digit of y?
1
Let r(a) = -a + 8. Let d be r(5). Suppose o - 55 = -5*b, 3*b + 41 = d*o - 52. What is the tens digit of o?
3
Suppose 3*n - 12 = 18. Let h = 20 - n. What is the units digit of h?
0
Let o(f) = f**2 + 4*f. Let a be o(-4). Let y(b) = 1 - b**3 + b + a*b**3 + 0. What is the units digit of y(0)?
1
Let v(x) = 11*x - 60. What is the hundreds digit of v(17)?
1
Let k = -21 - -14. Let x = -4 - k. What is the units digit of x?
3
Let z(g) = -20*g + 1. What is the units digit of z(-1)?
1
Let o = 1 + 4. Suppose 3*p + 37 = o*k, -2*p + 0*p = -5*k + 33. What is the units digit of k?
5
What is the tens digit of 3/(-18) + (-3909)/(-18)?
1
Suppose 132 = n - 3*o + 35, 3*n = 5*o + 295. Let x = n - 50. What is the units digit of x?
0
What is the tens digit of -3*((-246)/(-9))/(-1)?
8
Suppose 16 = q + 5*u, -q = 4*u - 12 - 6. What is the units digit of q?
6
Let v(p) be the first derivative of -p**5/60 + p**4/4 + p**3/6 - p**2 - 1. Let b(i) be the second derivative of v(i). What is the units digit of b(5)?
6
Let z(j) = -2*j + 2. Let b be z(-2). Suppose -180 = -5*m + 5*o, -b*m - 4*o + 112 = -2*m. What is the units digit of m?
2
Suppose -2*n = 4*u - 34, -4*u = -3*u + 3*n - 1. What is the tens digit of u?
1
Let n(x) = -7*x**3 + 15*x**2 - 9*x - 4. Let l(k) = k**3 - k**2. Let z(m) = -6*l(m) - n(m). Let u be z(7). Let j = -12 - u. What is the tens digit of j?
1
Let f(w) = -2*w**2. Let j be f(-2). Let t = 28 + j. What is the units digit of t?
0
Suppose -3*y = 2*q + 16, -y + 2*y - q + 12 = 0. Let s(v) = v + 19. What is the units digit of s(y)?
1
Let r = 92 - 65. What is the units digit of r?
7
Let i be (-20)/3 + (-3)/9. Let g = i - -17. What is the tens digit of g?
1
Let j(g) = -g**3 - 2*g**2 + g + 3. Suppose -z + 9 = -4*z. Let r be j(z). Suppose 4*y - r = 15. What is the units digit of y?
6
Let k(a) = a**2 - 4*a - 4. Let u be k(3). Let r(y) = -y**3 - 8*y**2 - 4*y + 3. Let p be r(u). What is the units digit of (-25)/(-10)*p/(-5)?
9
Let v = 19 + -32. Let y be (-3)/5 - v/5. Suppose n - 2*k + k = y, -n + 26 = 5*k. What is the units digit of n?
6
Let o be 1/5 - 76/(-20). What is the tens digit of (2 - 0/o) + 29?
3
What is the units digit of ((-4)/(-2))/((-4)/(-6))?
3
Let x = -11 - -43. Let y(p) = p**3 + 6*p**2 - 8*p - 7. Let l be y(-7). Suppose l + x = 4*s. What is the units digit of s?
8
Let t(u) = u**3 - 4*u**2 - 4*u - 4. What is the hundreds digit of t(7)?
1
Let y = -4 + 5. Let g = 2 - y. What is the units digit of g?
1
Suppose -4*t = t. Suppose 3*a + a - 4 = t, 0 = -j - 3*a + 8. Suppose j*v = v + 80. What is the units digit of v?
0
Suppose 2*l - 5*l - 3*y + 30 = 0, -5*l = y - 34. Let q = l - 5. What is the units digit of 16*(1 + q)/4?
8
Let b(t) = 3*t - 13. What is the tens digit of b(9)?
1
Suppose 0 = -0*i + 2*i - 108. Suppose i = -3*k + 6*k. What is the tens digit of k?
1
Let q(o) = o**3 + 3*o**2 - 3*o - 2. Let u be q(-3). Suppose -76 = 3*m - u*m. Let k = -12 + m. What is the units digit of k?
7
Suppose 6 = 3*n - 0*n. Let d(l) = -3 + l + l**n - 7*l + 4*l. What is the units digit of d(-2)?
5
Let q(x) = x**2 + 2*x. Let n be q(-2). Let y = -1 + n. What is the units digit of (0 + -13)/(1*y)?
3
Let c(p) = -p**3 + 3*p**2 + 3*p + 4. Let s be c(4). Suppose s = 4*a - 0*a - 8. Suppose -a*o + 3*u = -o, u - 21 = -2*o. What is the units digit of o?
9
Let l be 5*1/15*3. Let b be (l/(-3))/(2/12). What is the tens digit of (b*10)/(3 + -5)?
1
Let k = -13 - -23. What is the tens digit of k?
1
Let w = 516 - 235. What is the hundreds digit of w?
2
What is the hundreds digit of (904/(-12) + 3)*-3 + -4?
2
Suppose -l = 4*l - 105. What is the tens digit of l?
2
Let w = -61 - -103. Suppose -5*z = -2*u + 4*u - 142, z = 3*u + w. What is the tens digit of z?
3
Suppose -8*q = -2*q - 420. Let s = q + -30. What is the units digit of s?
0
What is the tens digit of 20 + (1 - (2 + 3))?
1
Let j(t) = t + 20. What is the units digit of j(7)?
7
Let l = -7 + 22. What is the tens digit of l?
1
Suppose 5*z = 2*u - 338, -4*u - 5*z + 132 = -604. What is the hundreds digit of u?
1
Let b(g) = -g**3 - 5*g**2 + 6*g + 3. Let r be b(-6). Suppose -r*j = 2*j. What is the units digit of 45/6*(2 + j)?
5
Let x(y) be the second derivative of -y**4/8 - 2*y**3/3 - 3*y**2/2 - 2*y. Let w(s) be the first derivative of x(s). What is the units digit of w(-3)?
5
Let h(l) = 5*l**2 + 26. Let z(p) = -p**2 - 5. Let w(c) = 2*h(c) + 11*z(c). Let q be w(0). Let d = 4 + q. What is the units digit of d?
1
Let q = -6 + 5. What is the units digit of q/(2/(-8*1))?
4
Suppose -5*o + 10*o = 40. Let b(u) = u**3 + u**2. Let x be b(-1). Suppose x = 4*m - o - 8. What is the units digit of m?
4
Suppose 2*f - 11 = 3. Suppose -3*t = -2*u + f*u - 64, -t - 2*u + 20 = 0. Suppose 2 = 2*k - 3*k - j, t = 4*k - 5*j. What is the units digit of k?
2
Let g(u) = u - 1. Let x be 3/(-6)*-6 - -3. What is the units digit of g(x)?
5
Suppose 2*b - 3*g - 16 = 34, 2*b + 2*g - 60 = 0. What is the tens digit of b?
2
Suppose -l - 286 = -o, 4*l - 1430 = -10*o + 5*o. What is the hundreds digit of o?
2
Suppose 0 = -3*q + 2*l + 14, 0 = q + 6*l - l - 16. Suppose 2*x - q = -4*v, x - v = -3*x + 12. Suppose x*t + 0*t - 21 = 0. What is the units digit of t?
7
Let g = 107 - 105. What is the units digit of g?
2
Suppose -30 = -0*d - 2*d. Suppose -2*b - d = -b. What is the units digit of ((-36)/b + -2)*25?
0
Let p be 6/(((-6)/(-4))/1). Let j be p/2*3 + 0. Let i(h) = -h**3 + 6*h**2 + 5. What is the units digit of i(j)?
5
Suppose 4*i = -3*d + 404, -d - 126 = -2*i + 76. What is the tens digit of i?
0
Let r = 6 - 3. Let z = 7 + r. What is the units digit of z?
0
Suppose 0 = -7*b + 3*b + 108. Let i = 18 + b. What is the units digit of i?
5
Suppose -1 = a - 22. Suppose n = v + 6, a = 3*n - v - 3*v. Suppose n = -2*o + 23. What is the units digit of o?
0
Let s(p) = p + 42. What is the units digit of s(14)?
6
Let d(x) = -2*x + 1. What is the units digit of d(-15)?
1
Suppose 5*o + 210 = -3*i - 393, -2*o - 4*i - 244 = 0. What is the units digit of o/50*10/(-3)?
8
Let o be (4/(-6))/((-2)/9). Suppose -3*g + 87 = 5*j - 13, -o*g - j = -80. What is the units digit of g?
5
Le